445789?
3, 11, 9479
List the prime factors of 262979.
19, 13841
List the prime factors of 525935.
5, 293, 359
List the prime factors of 837476.
2, 23, 9103
List the prime factors of 4781783.
4781783
What are the prime factors of 378350?
2, 5, 7, 23, 47
List the prime factors of 1531931.
83, 18457
What are the prime factors of 20050352?
2, 7, 179021
List the prime factors of 14893539.
3, 797, 6229
What are the prime factors of 418713?
3, 139571
List the prime factors of 540683.
11, 13, 19, 199
List the prime factors of 1406870.
2, 5, 269, 523
List the prime factors of 2370306.
2, 3, 587, 673
What are the prime factors of 1897434?
2, 3, 7, 11, 37
List the prime factors of 582649.
582649
What are the prime factors of 312370?
2, 5, 31237
List the prime factors of 216658.
2, 13, 641
What are the prime factors of 702675?
3, 5, 347
What are the prime factors of 842398?
2, 23, 18313
List the prime factors of 328686.
2, 3, 29, 1889
What are the prime factors of 1942762?
2, 971381
List the prime factors of 3355879.
587, 5717
List the prime factors of 154751.
17, 9103
List the prime factors of 20103256.
2, 241, 10427
List the prime factors of 424205.
5, 37, 2293
List the prime factors of 565328.
2, 89, 397
What are the prime factors of 6152962?
2, 1013, 3037
What are the prime factors of 467140?
2, 5, 23357
List the prime factors of 17119990.
2, 5, 293, 5843
List the prime factors of 763723.
43, 17761
What are the prime factors of 1206487?
29, 41603
What are the prime factors of 12990082?
2, 7, 927863
List the prime factors of 1086283.
11, 17, 37, 157
List the prime factors of 24377455.
5, 4875491
List the prime factors of 244305.
3, 5, 61, 89
What are the prime factors of 10827835?
5, 31, 69857
List the prime factors of 1094203.
11, 9043
List the prime factors of 4020444.
2, 3, 29, 3851
List the prime factors of 1117629.
3, 124181
What are the prime factors of 660779?
7, 94397
List the prime factors of 10793912.
2, 17, 79367
What are the prime factors of 9282748?
2, 17, 136511
What are the prime factors of 182859?
3, 60953
List the prime factors of 1582118.
2, 421, 1879
What are the prime factors of 427709?
19, 22511
What are the prime factors of 16232514?
2, 3, 2705419
What are the prime factors of 611573?
37, 16529
What are the prime factors of 7325902?
2, 3662951
List the prime factors of 241910.
2, 5, 17, 1423
What are the prime factors of 363355?
5, 72671
What are the prime factors of 1282072?
2, 11, 17, 857
List the prime factors of 1770923.
7, 11, 109, 211
List the prime factors of 520833.
3, 139, 1249
List the prime factors of 9417710.
2, 5, 941771
What are the prime factors of 23386942?
2, 11693471
What are the prime factors of 2594446?
2, 23, 56401
List the prime factors of 1596936.
2, 3, 11, 23, 263
What are the prime factors of 169519?
7, 61, 397
What are the prime factors of 9575523?
3, 59, 6011
List the prime factors of 861836.
2, 215459
List the prime factors of 352406.
2, 23, 47, 163
List the prime factors of 1306164.
2, 3, 89, 1223
What are the prime factors of 284066?
2, 173, 821
List the prime factors of 204496.
2, 12781
What are the prime factors of 497839?
497839
List the prime factors of 406438.
2, 103, 1973
List the prime factors of 8942748.
2, 3, 17, 59, 743
List the prime factors of 42433376.
2, 37, 35839
What are the prime factors of 586884?
2, 3, 48907
What are the prime factors of 1504515?
3, 5, 19, 5279
What are the prime factors of 5356309?
7, 17, 19, 23, 103
List the prime factors of 813903.
3, 19, 109, 131
What are the prime factors of 25097710?
2, 5, 11, 151, 1511
What are the prime factors of 1521484?
2, 47, 8093
List the prime factors of 9160351.
9160351
What are the prime factors of 1526318?
2, 763159
List the prime factors of 2134358.
2, 1067179
What are the prime factors of 20331204?
2, 3, 29, 37, 1579
List the prime factors of 93517.
17, 5501
List the prime factors of 4773258.
2, 3, 7, 43, 881
List the prime factors of 36052732.
2, 1321, 6823
What are the prime factors of 41787?
3, 4643
What are the prime factors of 29383?
29383
List the prime factors of 35117415.
3, 5, 19, 13691
List the prime factors of 258141.
3, 13, 6619
List the prime factors of 272686.
2, 136343
What are the prime factors of 1841711?
1841711
What are the prime factors of 13228947?
3, 489961
List the prime factors of 374092.
2, 93523
List the prime factors of 1596287.
7, 11, 20731
List the prime factors of 544648.
2, 13, 5237
List the prime factors of 6394893.
3, 41, 51991
What are the prime factors of 5474750?
2, 5, 61, 359
List the prime factors of 241766.
2, 7, 2467
What are the prime factors of 742718?
2, 371359
What are the prime factors of 222819?
3, 17, 257
List the prime factors of 2627842.
2, 7, 23, 8161
List the prime factors of 69990.
2, 3, 5, 2333
What are the prime factors of 255253?
255253
What are the prime factors of 3298006?
2, 1649003
List the prime factors of 2678448.
2, 3, 41, 1361
List the prime factors of 6324319.
233, 27143
List the prime factors of 235453.
173, 1361
List the prime factors of 342064.
2, 21379
What are the prime factors of 85571?
85571
List the prime factors of 8944333.
53, 168761
List the prime factors of 1995846.
2, 3, 332641
What are the prime factors of 480538?
2, 97, 2477
What are the prime factors of 644406?
2, 3, 7, 67, 229
What are the prime factors of 191654?
2, 79, 1213
List the prime factors of 2378314.
2, 787, 1511
What are the prime factors of 601019?
41, 107, 137
List the prime factors of 8566965.
3, 5, 11, 641
What are the prime factors of 29401?
29401
What are the prime factors of 7213200?
2, 3, 5, 6011
What are the prime factors of 132441?
3, 131, 337
List the prime factors of 435769.
435769
What are the prime factors of 4678158?
2, 3, 779693
What are the prime factors of 7611552?
2, 3, 13, 19, 107
What are the prime factors of 1768588?
2, 442147
List the prime factors of 5549178.
2, 3, 19, 48677
List the prime factors of 6654372.
2, 3, 554531
What are the prime factors of 3636661?
7, 519523
What are the prime factors of 5731903?
563, 10181
List the prime factors of 1045156.
2, 7, 163, 229
List the prime factors of 2995347.
3, 149, 6701
What are the prime factors of 1518087?
3, 577, 877
What are the prime factors of 4693405?
5, 938681
What are the prime factors of 3583792?
2, 43, 5209
What are the prime factors of 1405754?
2, 7, 100411
List the prime factors of 1304840.
2, 5, 32621
List the prime factors of 107405.
5, 21481
List the prime factors of 39933142.
2, 523, 38177
What are the prime factors of 173388?
2, 3, 14449
What are the prime factors of 1351830?
2, 3, 5, 45061
List the prime factors of 293330.
2, 5, 29333
What are the prime factors of 204621?
3, 68207
What are the prime factors of 3727490?
2, 5, 13, 53, 541
What are the prime factors of 3610501?
41, 107, 823
List the prime factors of 137096.
2, 17137
List the prime factors of 10405987.
31, 103, 3259
List the prime factors of 533999.
533999
What are the prime factors of 2138507?
7, 19, 2297
What are the prime factors of 185451?
3, 7, 8831
List the prime factors of 1385790.
2, 3, 5, 7, 6599
List the prime factors of 1149319.
17, 67607
What are the prime factors of 495664?
2, 13, 2383
What are the prime factors of 244506?
2, 3, 40751
List the prime factors of 5608739.
1721, 3259
List the prime factors of 1694733.
3, 193, 2927
What are the prime factors of 432954?
2, 3, 67, 359
What are the prime factors of 723893?
723893
What are the prime factors of 6149112?
2, 3, 173, 1481
What are the prime factors of 855884?
2, 37, 5783
List the prime factors of 9850647.
3, 23, 367, 389
What are the prime factors of 3609812?
2, 367, 2459
What are the prime factors of 1010938?
2, 505469
What are the prime factors of 692995?
5, 138599
What are the prime factors of 9400946?
2, 4700473
What are the prime factors of 501115?
5, 31, 53, 61
What are the prime factors of 5531437?
5531437
What are the prime factors of 577525?
5, 13, 1777
List the prime factors of 408731.
17, 24043
What are the prime factors of 5714316?
2, 3, 158731
List the prime factors of 368409.
3, 37, 3319
List the prime factors of 99878.
2, 49939
List the prime factors of 1359456.
2, 3, 7, 17
List the prime factors of 1489478.
2, 744739
What are the prime factors of 184476